= -a**2 + 12*a + 1. Let x be j(10). Suppose 8*i + 3 = -x. What is v(i)?
8
Let k(v) = 106*v - 204*v - 17 + 100*v. Determine k(7).
-3
Let s = -352 + 349. Let v(r) = r**3 + 5*r**2 + 2*r. Determine v(s).
12
Let z be 0/(15/3)*1. Suppose 2*d - 6 = -0*d. Let t(k) = 12 - k**d - 13*k + 16*k - 4*k - k**2. What is t(z)?
12
Let y = 127 + -126. Let x = 6 - 2. Let a(i) = -2*i + i - x*i. Give a(y).
-5
Let m = 4 - 9. Let t(w) = 0*w**2 + 0*w**2 + w - 2*w**2 - 5. Let n(d) = 3*d**2 - 2*d + 9. Let s(a) = m*t(a) - 3*n(a). Calculate s(-3).
4
Suppose -48 - 69 = -9*k. Let v(y) = y**2 - 12*y - 18. Determine v(k).
-5
Let b(m) = m**3 + 3*m**2 - 4*m + 1. Let z be b(-4). Suppose 2*r + 9 = -5*n, -n + 3*r + 6 = z. Let f(o) = 6*o**2 + 2 + 0 - 3. What is f(n)?
5
Let o(x) = -25*x**3 - 15*x**2 + 7. Let w(m) = -11*m**3 - 7*m**2 + 3. Let p(j) = 4*o(j) - 9*w(j). Let u(q) = -q + 6. Let c be u(3). Give p(c).
1
Let v(f) = -40 + 51 - 19 + 12*f - f**2. Determine v(8).
24
Let x(z) = -14*z**3 + 5*z**2 + 3*z - 1. Let g(r) = 28*r**3 - 11*r**2 - 7*r + 2. Let k(p) = -3*g(p) - 7*x(p). Let t = 18 - 14. Suppose -3*i + t = i. Give k(i).
13
Let d(s) = -s**2 - 4*s + 1. Let g be -3 - ((-5)/(20/48))/2. Calculate d(g).
-20
Let m(z) = -z**2 - 4*z - 5. Let w(h) = -3*h**2 - 9*h - 13. Let t be w(-2). What is m(t)?
-26
Let y(t) be the first derivative of -3*t**2/2 + 5*t + 67. What is y(4)?
-7
Let n(d) = d**2 + 2*d + 1. Let t(f) = -5*f**2 - 32*f + 4*f**2 + 31*f. Let l(o) = 5*n(o) + 4*t(o). Give l(-4).
-3
Let w be 1/(-1 + 6/4). Let h be (4 - -3)*7/(4 - -3). Let i(r) = -r**2 + 12*r - h*r + 0*r**w + 6. What is i(6)?
0
Let t(v) = -v - 1. Suppose -4*j - 4 = -6*j. Let b be j + -2 + (-1 - -6). Determine t(b).
-6
Suppose -3*t - 4*k = -1, -2*t + 4 = -0*t + k. Let x(b) = -7*b**2 - b**3 + 6*b - b**t + 6 - 2*b**3 + 5*b**3. Suppose s = -s - 6, 5*s + 39 = 4*j. What is x(j)?
6
Let m(g) = -2*g**3 + 2*g**2 + g**3 + 0*g**3 + 6 + 6*g**2. Determine m(8).
6
Let c(t) = 9 - 65473*t - 2 + 65464*t + t**2. Calculate c(8).
-1
Let v be -4*1 - (1 + -5). Let d(f) = -2*f**2 + 2 + v*f**2 - f - f**2. What is d(-2)?
-8
Let k(q) = 5*q + 21. Let b(r) = -r**3 + 4*r**2 - 3*r + 6. Let t be b(4). Give k(t).
-9
Let o(h) = 4*h + 3. Let v(i) = -4*i - 1. Let y(m) = -4*o(m) - 5*v(m). Calculate y(8).
25
Let k(a) = 3*a - 5. Let j = -265 - -270. Give k(j).
10
Let x(a) = 5*a + 6. Let g(k) = 27*k + 32. Let b(f) = 6*g(f) - 33*x(f). What is b(-7)?
15
Let p(k) = k - 6. Let d = 1473 + -1464. What is p(d)?
3
Suppose -10*a = 27 - 27. Let u(h) = -h**2 + 3*h. Determine u(a).
0
Let o(b) = b**2 - 8*b - 1. Let r be o(10). Suppose 0 = -r*w + 14*w. Let k(n) be the third derivative of n**6/120 + n**5/60 - n**3 - n**2. What is k(w)?
-6
Let f(a) = 2*a - 7. Let o(v) = 8*v**3 - 5*v**2 + 3*v + 2. Let b(q) = -15*q**3 + 9*q**2 - 5*q - 4. Let n(t) = -3*b(t) - 5*o(t). Let u be n(1). What is f(u)?
3
Let a(u) = 3*u**2 + u. Let o be a(1). Suppose 5*i + 2 = 32. Let f(t) = 8*t + 11. Let k(c) = -c - 1. Let h(z) = i*k(z) + f(z). Determine h(o).
13
Suppose -2*v + 37 = -o + 46, -3*v - o - 6 = 0. Let q(z) = z**3 + 1 - 4*z - z**3 + z**3 + z**2. What is q(v)?
-5
Let x(g) = -3*g**2 + 6*g**2 - g**3 - 110 - 3*g + 119 + 4*g**2. What is x(6)?
27
Suppose 0 = 2*t + 2, -3*d = 3*t - 33 + 9. Let c(a) = a**3 - 8*a**2 - 7*a - 28. Give c(d).
-10
Let w(m) = m**2 + 7*m + 10. Let k = 478 + -486. Calculate w(k).
18
Let p(d) = -d**3 + 9*d**2 + 3*d - 4. Let b(k) = -9*k**2 + 23*k - 1. Let v be b(2). Calculate p(v).
23
Let w be -4 - -3 - (-2 - 2). Let c be (w/2)/((-3)/8). Let u(z) = -6*z**2 + 5*z**2 + 2*z**2 + 5*z + 5 + 0. What is u(c)?
1
Let j(l) = l**2 - 26*l + 45. Let a be j(24). Let c be (-4)/14*(-1 - 6). Let g(o) = 4 + c*o - o**2 + 0*o + 0*o. Determine g(a).
-11
Let p(q) be the third derivative of 0*q - 7*q**2 + q**3 - 1/4*q**4 + 0 - 1/60*q**5. Suppose 10 = d + 5*u, -6 = -d - 4*u + 1. Calculate p(d).
11
Let u(l) be the third derivative of 5/24*l**4 + 0*l**3 + 0 - l**2 + 4*l. Let g = 0 + 1. Determine u(g).
5
Let h = 521 + -527. Let b(n) be the second derivative of -n**4/12 - 4*n**3/3 - 7*n**2/2 + n. Calculate b(h).
5
Let m(y) = -y + 4. Let j be (3 - 2 - -1)/(34/85). Calculate m(j).
-1
Let d(w) be the third derivative of w**6/120 + 7*w**5/60 - 5*w**4/6 - 2*w**3 - 172*w**2. Give d(-9).
6
Let v(f) be the third derivative of -f**6/120 + f**5/10 + f**4/3 - 5*f**3/6 - f**2. Let q(g) = -11*g + 117. Let n be q(10). What is v(n)?
2
Let w(p) be the third derivative of -p**5/60 - p**4/3 - p**3/3 - 4*p**2. Let m be w(-7). Let u be -5*(0 - 4/m). Let n(r) = -r - 2. Determine n(u).
-6
Let q(w) = -w**3 + 2 + 4*w - 4*w - w**2 - 5*w**2. Let j be q(-6). Let b(u) = -3*u**2 + 10*u - 6*u + 4*u**j + 4*u + 8. What is b(-6)?
-4
Let r(j) = j**2 - 1. Suppose -4*w + 3*w + 80 = 0. Let a = w + -78. What is r(a)?
3
Let d(m) = 2*m**3 + 3*m**2 - m - 1. Suppose 9*l = 14*l - 10. Let z be 0/l + 4/2. Determine d(z).
25
Let v be 160/28 - (-4)/14. Let k(p) = -p**3 + 7*p**2 - 6*p - 4. Calculate k(v).
-4
Let b(m) = 3*m - 6. Let f be 4 - 2/(-14)*0. Determine b(f).
6
Let g be (9/4)/(-3 - (-11)/4). Let s(v) = -v - 12. Determine s(g).
-3
Let b(m) = 4*m**3 - 5*m**3 - 72 + 72 - m - 12*m**2. What is b(-12)?
12
Let k(m) be the third derivative of -1/120*m**6 + 0 - 7/60*m**5 + 7/24*m**4 + 0*m - 4/3*m**3 - 25*m**2. Give k(-8).
0
Let c(d) be the second derivative of 3*d**5/5 + d**3/6 + 35*d. Determine c(-1).
-13
Let x(a) = a + 1. Let n be x(2). Let d(h) = -h**n - 2*h**2 - 5*h**2 + 1 + 6 + 2*h**3 + 5*h. Determine d(6).
1
Let z(p) = p**2 - 12. Let i be 53/5 - (-4)/10. Let a(l) = -1. Let k(r) = r - 9. Let b(j) = -2*a(j) - k(j). Let w be b(i). Give z(w).
-12
Let p(m) = -m**2 + 2*m - 1. Let i be p(2). Let t(q) = 11*q + 4. Let u(s) = 44*s + 18. Let h(f) = -9*t(f) + 2*u(f). Calculate h(i).
11
Let d(o) = -o + 11. Let a(s) be the third derivative of s**4/24 - s**3 - 5*s**2. Let j = -14 - -19. Let x(v) = j*a(v) + 3*d(v). What is x(-6)?
-9
Let i(u) = -4*u**2 - 7*u + 8. Let j(z) = 3*z**2 + 6*z - 7. Let r(h) = -2*i(h) - 3*j(h). Determine r(-4).
5
Let m(j) = 7*j**2 + 10*j - 3. Let l(o) = 11*o**2 + 10*o - 3. Let p(c) = 2*l(c) - 3*m(c). Calculate p(8).
-13
Let t(w) = w**3 - 19*w. Let z be t(-4). Let f(p) = -p**2 + 15*p - 38. What is f(z)?
-2
Let i be ((-4)/(-6))/(10/75). Suppose 0 = -3*s - i - 1. Let d(j) = -j**3 - 2*j**2. Give d(s).
0
Let v(s) = -2*s**3 + 4*s**2 - 5*s - 10. Let y(a) = a**3 + a**2 + 2*a. Let h(x) = -v(x) - 3*y(x). What is h(-6)?
-20
Let v(k) = -16*k**3 + 42*k**2 + 14*k - 37. Let r(b) = 3*b**3 - 8*b**2 - 3*b + 7. Let y(t) = -11*r(t) - 2*v(t). Suppose 0 = -7*u - u + 40. Determine y(u).
-3
Let n = 56 - 7. Suppose -i = -n + 43. Let x(w) = -2*w + 6. Calculate x(i).
-6
Let l(d) = 21 + 32 + 13*d - 53 - d**2. Give l(13).
0
Let g be (8 + 0)*1/2. Let u be (-4)/(12/8 + -2). Let q(z) = u*z - 1 + 5*z - 9*z - 5*z**2 + z**3. Determine q(g).
-1
Let p(f) = -5*f - 10. Let u(m) = -3*m - 7. Let i = -82 - -77. Let l(w) = i*p(w) + 8*u(w). What is l(0)?
-6
Let p(h) = -h**3 - 7*h**2 - 2*h - 7. Let d = -3 + 3. Suppose -10 = -2*x - d*x. Let t(c) = -c**3 - 7*c**2 - 3*c - 6. Let s(g) = x*p(g) - 6*t(g). What is s(-6)?
-11
Suppose 0 = -3*o - 3*a - 5 - 10, -5*a + 23 = -o. Let n(g) be the second derivative of -g**5/20 - 2*g**4/3 - g**3/6 - 11*g**2/2 - 2*g. Determine n(o).
-3
Let r = -3 - -2. Suppose -9*x = -10*x + 2. Let g(i) = -1 + x*i - 3*i + 5*i**3 + 0*i. Give g(r).
-5
Let m be -3*(3 + 16/(-6)). Let c be ((-14)/(-21))/((-2)/(-9)). Let b(r) = -6 + c + 4 - 6*r**2 + 0. Calculate b(m).
-5
Suppose 4*x - 26 = -0*x + 5*i, 2*x - 10 = i. Suppose 0 = -2*r, -5*w + 15 = -x*r + 5*r. Let o(z) = z**2 + 2*z - 4. Determine o(w).
11
Let a(b) = -3*b**2 + 22*b - 45. Let t be a(3). Let m(g) = g + 11. Let n(l) = -2*l - 21. Let d be ((-2)/4)/(2/(-28)). Let j(w) = d*m(w) + 4*n(w). Determine j(t).
-1
Let y(m) be the second derivative of m**4/12 - m**3/2 - 11*m**2/2 - 9*m - 2. What is y(5)?
-1
Let r(s) be the third derivative of 1/6*s**3 + 0 + 16*s**2 - 1/24*s**4 + 0*s. Calculate r(7).
-6
Let g(m) = m + 2. Let w be (5/10)/((-2)/(-68)). Suppose 5*p - 20 = -2*n, -n = 4*p - 6*n + w. Suppose k - 2*u = 0, k + p*u = -k + 6. Determine g(k).
4
Let p(v) = 11*v + 8. Let y be p(-5). Let l = -46 - y. Let s(i) = -8*i**3 + i**2 - 2*i + 1. Calculate s(l).
-8
Let o(m) = -6*m**2. Let n be o(-1). Let g be ((-4)/(-12))/((-1